080 = -p*z. List the prime factors of z.
2, 3, 7
Suppose -2*n - 22338 = -4*o, 176 + 5405 = o + 3*n. List the prime factors of o.
2, 349
Let n = -9508 + 10251. List the prime factors of n.
743
Let c(m) = 2332*m - 3334. List the prime factors of c(18).
2, 139
Let g(m) = 416*m + 169. List the prime factors of g(8).
13, 269
Suppose -64 + 12 = -13*s. What are the prime factors of s/7 - (-2 + 6036/(-21))?
2, 5, 29
Let z(j) = 6*j**3 - j**2 + 2*j - 1. Let k be z(1). Let b be (0 - -2)*1 - (k + -9). Suppose h - 4*p + b = 109, 2*h = 4*p + 228. List the prime factors of h.
2, 31
Let m = 13 + -21. Let x(g) = -4*g - 14. Let u be x(m). Suppose -5*w = -8*w + u. List the prime factors of w.
2, 3
Suppose -5*a + 1984 = -801. Let x = a + -354. What are the prime factors of x?
7, 29
Let c(h) = -6*h - 4*h + 62*h + 78. List the prime factors of c(5).
2, 13
Let u(l) be the third derivative of 1/8*l**4 + 0 + 0*l - 14*l**2 + 1/12*l**5 + 0*l**3. List the prime factors of u(3).
2, 3
Let r(p) = 32*p - 22*p**2 - 59 - 42*p - p**3 + 28. List the prime factors of r(-22).
3, 7
Let t = -152 - -152. Suppose 3*q = -4*n + 482 + 677, -5*n - 10 = t. List the prime factors of q.
389
Suppose 5*t - 25728 = -3*a, 0*t + 10280 = 2*t + 4*a. List the prime factors of t.
2, 3, 11, 13
Let m(c) = 467 - 2*c - 769 + 394 + 19*c**2 + 23*c. List the prime factors of m(-5).
2, 3, 7, 11
Suppose 4*n - 59383 = 5*a, 3*n - 43255 - 1282 = 4*a. List the prime factors of n.
3, 7, 101
Let y(a) = 2*a**3 + 2*a**2 - 3*a - 26. Let q be y(8). Let d = 1563 - q. List the prime factors of d.
461
What are the prime factors of (1384746/(-16))/(-3) - (754/208)/(-29)?
17, 1697
Suppose 3130 = 2*z + 2*z - 2*c, -2*c + 2 = 0. Suppose 5*n = -m + z, n = -3*m + 1020 + 1329. List the prime factors of m.
3, 29
Let k(g) = g**3 - 6*g**2 + g - 5. Let c be k(6). Let h be ((-48)/8)/(c + 2 + -2). List the prime factors of ((-332)/h)/(((-32)/(-12))/4).
83
Let r(g) = 72*g**2 + 2*g + 2. Let d be r(-2). Suppose 0 = 4*p + z + 552, z - 2 = -6. Let a = p + d. List the prime factors of a.
149
Let n be (7 - 3) + 0 + (-6 - -6). Let q(m) = 50*m**2 + 11*m - 32. List the prime factors of q(n).
2, 7, 29
Let c(u) be the second derivative of u**5/10 - u**4/12 + 72*u**2 + 2016*u. Suppose -2*t - 2*t = 0. What are the prime factors of c(t)?
2, 3
Suppose -3*n + 5*k + 295 = -6259, -4*n = k - 8708. Suppose 4*z - n = 26. List the prime factors of z.
19, 29
Let d(c) = -645*c - 1688. List the prime factors of d(-4).
2, 223
Suppose -496*t + 499*t = 12, -2*s + 14116 = -t. What are the prime factors of s?
2, 5, 353
Let h(b) = -2*b**3 - 4*b**2 - 3*b. Let v be h(-2). Suppose -m = -v*m + 2200. Suppose -10*d + 6*d + m = 0. What are the prime factors of d?
2, 5, 11
Let f = -257 + 293. Suppose 37*o - f*o - 368 = 0. What are the prime factors of o?
2, 23
Let y(r) = -16*r**3 - 10*r**2 - 42*r + 9. What are the prime factors of y(-5)?
11, 179
Let n be (-1540)/(-40) - 9/6. Suppose -n*x + 15480 = -7*x. List the prime factors of x.
2, 3, 43
Suppose -299*j + 301*j = 12. Let q(b) = -3*b + 77. List the prime factors of q(j).
59
What are the prime factors of (-16 + 1)*(-428 + -5 + 4 + -1)?
2, 3, 5, 43
What are the prime factors of 2578 + ((-268)/(-92) - (-28)/322)?
29, 89
Let o(f) = -5954*f + 2154. What are the prime factors of o(-4)?
2, 5, 7, 53
Let p = 1 + 3. Suppose 3*t = p*t + 3*s - 1, -3*s - 3 = 0. Suppose 84 = t*k - 248. What are the prime factors of k?
83
Suppose 20 = -9*b + 4*b, 0 = -3*c - 5*b - 50. List the prime factors of (-3)/2*(c - -5 - 221).
3, 113
Let m(t) = -69*t - 93. Suppose -3*u + 5 = -p, 7*p - 4*u = 8*p + 19. List the prime factors of m(p).
2, 3, 37
Suppose -36 = 19*o + 40. List the prime factors of 2/o*(-20 + -3042).
1531
Let k(s) = -74*s**3 - 15*s**2 - 26*s - 221. List the prime factors of k(-8).
3, 5, 23, 107
Let v = 47 + -38. Let k be v + (-8 - -4) + 4. Suppose k*l + 82 = 11*l. List the prime factors of l.
41
Let j(g) = 9*g**2 - 16*g + 3. Let x be j(11). Let k = x - 534. What are the prime factors of k?
2, 191
Suppose 26*o - 28*o - 451 = -c, -c - 5*o = -465. List the prime factors of c.
5, 7, 13
Suppose 0 = -4*o, -3*q - 2*o + 4 = -q. Suppose -3*g + 252 = q*z - 6*z, 5*g - z - 403 = 0. Let l = 175 - g. What are the prime factors of l?
5, 19
Suppose -2*z = z - 15. Suppose 8*k + 41 - 73 = 0. Suppose z*u = -x + 185, -k*x - 26 - 122 = -4*u. What are the prime factors of u?
37
Let i(s) = -s + 24. Let h be i(21). Suppose 2*y - 2650 = -h*y. Suppose 2*n = -5*x - 3*n + y, -n = 4*x - 415. List the prime factors of x.
103
Let v(s) = -s**3 - 10*s**2 - 25*s + 27. Let b(w) = -w**3 + 6*w**2 - 6*w - 6. Let t be b(5). What are the prime factors of v(t)?
3, 47
Let y = -49 + 71. Let d(v) = 36*v - 160. Let s be d(5). Suppose 0 = -s*m + y*m - 192. List the prime factors of m.
2, 3
Let z be ((1 + -2)*142)/(-2). Suppose -4*i - 5*y - 79 = 0, -5*i + 344*y - 102 = 347*y. Let t = z + i. What are the prime factors of t?
2, 5
Suppose -3*t - 8*t = 5159. Let k = t - -881. List the prime factors of k.
2, 103
Suppose 2*g - 6950 = 4*f, 7059 + 3371 = 3*g - f. List the prime factors of g.
3, 19, 61
Suppose 13*h = -24*h + 127136 + 615380. List the prime factors of h.
2, 29, 173
Let i(o) = -3*o**3 - 12*o**2 - 16*o + 2. Let a(q) = -4*q**3 - 13*q**2 - 17*q + 1. Let y(p) = -5*a(p) + 6*i(p). What are the prime factors of y(8)?
3, 5, 11
Suppose -2*z + 4*r = -36516, -z - 2*r + 18202 = 3*r. What are the prime factors of z?
2, 7, 1303
Suppose -5*z - 7221 = -2*l, 83*z + 18075 = 5*l + 78*z. What are the prime factors of l?
2, 3, 67
Let c = -49587 - -82773. What are the prime factors of c?
2, 3, 5531
Suppose -203*a + 70 = -202*a. What are the prime factors of (-4624)/(-14) + a/(-245)?
2, 3, 5, 11
Let j(z) = -10109*z - 46. What are the prime factors of j(-1)?
29, 347
Suppose 48 = -5*f - 3*l - 162, -l - 42 = f. Let d(z) = -z**3 - 42*z**2 - 21*z + 218. List the prime factors of d(f).
2, 5, 11
Suppose 1520 = 5*z + 2*i, 3*i - i + 10 = 0. Let t = z + 14. Suppose 0 = 2*w - 7*w + t. What are the prime factors of w?
2
Let f = 56 + -54. Suppose 8*x - 4*x = f*z - 436, -x = -3*z + 664. List the prime factors of z.
2, 3, 37
Let t be ((18/(-30))/(-1))/(2/10). Let j(l) = l**2 - l + 6. Let h be j(t). Suppose -609 = -3*r - 3*s, -3*s - h = -7*s. List the prime factors of r.
2, 5
Suppose 2*o - 437 = -463. Let l(x) = 5*x**2 + 24*x + 50. What are the prime factors of l(o)?
11, 53
What are the prime factors of 112/21 + (-14)/6 - (-9830 - -1)?
2, 1229
Let c = -7772 - -17729. List the prime factors of c.
3, 3319
Suppose 11 = 5*j - 2*w - 3, 4*j - 28 = -4*w. Suppose 2*y = -j*l + 972, -250 = -y - l + 231. Let z = y - 251. List the prime factors of z.
3, 5
Suppose p = 4*c + 1888, 4*p + 60*c = 57*c + 7590. List the prime factors of p.
2, 3, 79
Let t be 58/(-6)*(2 - (9 - 4)). Let m(r) = -r**2 - 19*r - 13. Let n be m(-17). Let f = t - n. What are the prime factors of f?
2
Let a be (5/(-2))/(5/(3 - 33)). Let n(f) = -a - 5*f - 41*f - 11 + 10*f. List the prime factors of n(-7).
2, 113
Let b be 48/9*3/2. List the prime factors of (-20)/b*(-1 - 215).
2, 3, 5
Suppose -3*m + 20 = 2*f, 0 = m + 4*m - 5*f - 25. Let v be 3/5 - m/10. Suppose -5*j + 4*k + 341 = v, -j - 275 = -5*j + k. List the prime factors of j.
3, 23
Let t(k) = -1151*k + 2390. What are the prime factors of t(-29)?
3, 11923
Let m be (-1)/5 - 34/5. Let i(a) = -3*a**3 + 3*a**2 + 3*a + 17. What are the prime factors of i(m)?
2, 293
Let s be (-123)/(-15) + 2/(-10). Let d = s + -12. Let j(v) = -2*v**3 - 4*v**2 + 2*v - 3. What are the prime factors of j(d)?
53
Suppose 46*a + 127*a - 2153186 = 7*a. What are the prime factors of a?
7, 17, 109
Let f(k) = k**2 + 11*k + 23. Let l(g) = 5*g + 17. Let p be l(-5). Let v be f(p). List the prime factors of 225/4 - v/(-8)*2.
2, 7
Suppose -265355 - 453865 = -30*z. List the prime factors of z.
2, 11987
Let t(h) = 35*h**2 + 2*h - 2. Let x be 29*(1/(-2))/(11/22). Let n = -27 - x. What are the prime factors of t(n)?
2, 71
Let b(p) = p**3 - 13*p**2 - 5*p - 3. Let k be b(10). Let q = 580 + k. Let x = -118 + q. What are the prime factors of x?
109
Let m be (-3132)/252 + 3/7. What are the prime factors of 75325/100 - ((-3)/m - -1)?
2, 47
Let w = -2264 - -3464. Suppose -4*k + 7856 = w. List the prime factors of (2/(-4))/((-26)/k).
2
Suppose -61*c + 2702